*n, 189*q - 191*q - 2*n = -136. Calculate the highest common divisor of q and 1261.
13
Let a be (-44)/330 + (-19594)/(-30) + -2. Calculate the greatest common factor of 357 and a.
21
Suppose -f = 3*m - 28, -m - 6*f + 12 = -3*f. Suppose 6*q + 126 = m*q. What is the greatest common factor of 112 and q?
14
Suppose 45*h = 3*h + 12086 - 4106. What is the highest common divisor of 670 and h?
10
Let v be ((-99)/36)/((-2)/8*1). Suppose h - v = -5*a + 8, -4*a + 18 = -2*h. Let u be 26/7 + 24/84. Calculate the highest common factor of a and u.
4
Let t be ((-8)/(-2))/((-1)/(-2)). Suppose 4*s - t = -2*g - 0*s, s - 17 = 2*g. Let k be (18/g)/(2/(-2)). What is the highest common divisor of 9 and k?
3
Suppose q = 3*j + 2*j - 5145, -j - q + 1029 = 0. Let t be (-22)/121 + j/33. What is the highest common divisor of 155 and t?
31
Let h be (7 - 1)*10*539/98. Let t be 1*-6 + 35/(175/h). What is the highest common factor of 90 and t?
30
Let l(p) = -p**2 + 17*p - 1. Suppose -144 = r - 10*r. Let y be l(r). Let o be 4/(7 + -3) + 59. What is the greatest common factor of o and y?
15
Let m(i) = -i - 5. Let t = 9 + -28. Let s be m(t). Let d = s - 13. What is the highest common divisor of 4 and d?
1
Let i = 8836 + -8764. What is the highest common divisor of i and 1710?
18
Suppose -6*z + 2 + 16 = 0. Let x be (-1782)/z*5/(-10). Let c(q) = q**3 - 8*q**2 + 2*q + 11. Let p be c(8). What is the greatest common factor of p and x?
27
Let r = 7344 + 196. Calculate the greatest common divisor of 1015 and r.
145
Suppose 101*p - 169*p = -33320. What is the greatest common factor of p and 10?
10
Suppose 228*p - 223*p = -40. Let w be 4 + (p - 8/(-2)). Let z be w/(-8) - (-186 - 0). Calculate the highest common factor of z and 62.
62
Suppose 72*f = 69*f + 264. Let g(d) = -d**3 + 7*d**2 - 6*d + 4. Let s be g(5). Calculate the greatest common factor of s and f.
8
Let g(j) = -196*j + 1385. Let k be g(5). What is the greatest common factor of 8667 and k?
81
Let f(w) = 39*w + 5. Let j be f(5). Let z = 157 + -117. Calculate the highest common factor of j and z.
40
Let i(k) = -k**2 - 16*k - 25. Let b = -53 + 41. Let p be i(b). Calculate the highest common factor of 207 and p.
23
Let u(z) = z**2 + 4*z - 122. Let k be u(13). What is the highest common factor of k and 2754?
9
Let x = 17133 - 9657. What is the greatest common divisor of x and 56?
28
Let u(p) = p**2 - 13*p + 40. Let y be u(9). Suppose -2*o - 76 = -y*s, -s + 2*o + 4 = -12. Calculate the greatest common factor of s and 10.
10
Let g(y) = 34*y**2 - 2*y + 2. Let r be g(3). Suppose 0 = 5*v + r - 127. Let p = -14 - v. Calculate the greatest common factor of p and 84.
21
Let x(k) = 119*k + 89. Let i be x(12). Let l be (-1)/3 - i/(-123). Calculate the highest common factor of l and 492.
12
Suppose -5*k = 4*g - 37, -50*g - 31 = -54*g + k. What is the highest common divisor of g and 1004?
4
Suppose -158 = -4*c - 3*l + 290, 4*c + l = 448. Suppose -6*w + c = -50. Let b be 6*(-4)/(24/(-81)). What is the highest common factor of b and w?
27
Let p be (-13 - 329/(-35))*(-11 + 1). What is the greatest common divisor of 8145 and p?
9
Suppose 0 = -3*l + 8*l + 1440. Let w = l + 468. Suppose -4*z = -4*x - w, -2*z - 2*x = z - 150. What is the greatest common factor of z and 32?
16
Suppose -105*s + 7360 = 79*s. Let c be -1 - (1 - (0 + 362)). What is the highest common factor of s and c?
40
Suppose -h + 4*k = 2*k - 7, -h + 5*k = -10. Suppose 3*f + 151 = 4*o + 2988, h*f - 4705 = -5*o. Calculate the greatest common factor of 41 and f.
41
Let o(p) = p**2 - 7*p + 4. Let i be o(7). Suppose i*a + 33 = 5*a. Suppose 3*r + w - 793 = 0, 3*w + 524 = 2*r - w. What is the greatest common factor of a and r?
33
Let r be 2 - (84/(-42) - (-1 + 186)). What is the greatest common factor of 1260 and r?
63
Suppose -65 = -0*y - 2*y + b, -b - 161 = -5*y. Calculate the greatest common divisor of 224 and y.
32
Let r(u) = -u**3 + 5*u**2 + 6*u + 2. Let o be r(-4). Let s be (-4270)/(-4)*14/35. Calculate the highest common divisor of s and o.
61
Let c = 1735 - 925. What is the greatest common divisor of c and 891?
81
Suppose 0 = -13*m + 10*m + 81. Suppose 977*w - 993*w + 768 = 0. Calculate the highest common divisor of m and w.
3
Let q = -70 + 81. Let y(p) = -2*p + 22. Let z be y(-21). Suppose z = 4*k - 68. What is the highest common divisor of k and q?
11
Suppose -24*v = -28 - 44. Calculate the greatest common factor of v and 23.
1
Suppose -4*r + 41 + 1207 = 0. Let v(f) = 84*f + 1104. Let j be v(-12). What is the greatest common factor of r and j?
24
Suppose 32*v - 95*v + 756 = 0. Calculate the greatest common factor of 1044 and v.
12
Let n be 41/((-2255)/(-2585)) - 46. Suppose -3*j + 10 = 2*j. What is the highest common divisor of j and n?
1
Let i(p) = -8*p**3 + 58*p**2 + 9*p + 9. Let j be i(7). Suppose 8 - 45 = -4*t - l, 0 = -3*t - l + 27. What is the highest common factor of j and t?
10
Let p(s) = -2*s**2 - 50*s - 87. Let x be p(-23). What is the highest common factor of 755 and x?
5
Let r = -2421 + 3389. What is the greatest common factor of 4 and r?
4
Let z(b) = b**3 + 7*b**2 + 11*b + 6. Suppose -275 = 5*k - 255. Let g be z(k). Calculate the greatest common factor of g and 18.
2
Suppose 0 = 3*l - 5*l + 10. Suppose -3*x = 3*b - 5*b + 17, 41 = 2*b + l*x. Calculate the highest common factor of 169 and b.
13
Let a be (11 + (-3 - (-755)/(-10)))*4/(-10). What is the highest common divisor of a and 39528?
27
Let c be 424/14 - 2/7. Let x be -6*90/20 + -2. Let k be (-5)/1 - (-136)/(-12 - x). What is the greatest common divisor of c and k?
3
Let w = -333 - -373. Let c = w + 203. Calculate the highest common factor of c and 54.
27
Let d = -2889 + 3945. Suppose -146 + 25 = -11*q. Calculate the highest common factor of q and d.
11
Suppose -341 = -6*d + 175. Suppose -4*s + 1014 = d. What is the greatest common factor of s and 8?
8
Let y be (-2898)/(-98) + 15/35. Calculate the greatest common divisor of y and 174.
6
Suppose -357*k + 338*k = -67032. Calculate the greatest common divisor of 72 and k.
72
Let y = 8847 + -8746. Calculate the greatest common factor of 5959 and y.
101
Let s be -2 + -3 + 2/2. Let d = s - -15. Let w = 18138 + -18061. Calculate the greatest common divisor of d and w.
11
Suppose 238 + 924 = 7*v. Let u = v - 158. What is the highest common divisor of u and 4?
4
Let t be (-1)/((-9)/(-12) + -1). Suppose -6*o + 4*o = 348. Let j = o - -177. What is the greatest common factor of j and t?
1
Let t = -11976 - -12001. What is the highest common factor of 960 and t?
5
Let m(g) = -84*g - 3. Let r be m(-2). Let y(t) = -t**3 + 17*t**2 - 21*t + 5. Let q be y(10). Let d = -429 + q. What is the greatest common divisor of r and d?
33
Suppose -12639 = 65*i - 225*i + 161. Let p(u) = -u**3 + 8*u**2 - 2*u - 31. Let y be p(7). What is the highest common factor of y and i?
4
Suppose 5*k + 176*i - 171*i - 9100 = 0, -4*k + 7289 = 3*i. What is the highest common factor of 279 and k?
31
Let i(o) = 41*o + 7. Let h be i(-2). Let m = 93 + h. Calculate the greatest common divisor of m and 234.
18
Let v be (-3)/((-6)/181)*(-16)/((-72)/18). What is the highest common factor of 12 and v?
2
Suppose -26 = -3*v - 11. Suppose -v*t + 5*y = 85, -4*t - 39 = 3*y + 22. Let b be (t/6)/(32/(-432)). Calculate the greatest common factor of 36 and b.
36
Suppose 0 = -5*z + 5*s + 12786 + 14754, 3*s = z - 5500. Calculate the greatest common factor of 78 and z.
26
Let m = -6 - -6. Suppose m = -v - 0*v + 11. Suppose -2*i - 3*f = -38, i + 2*f + v - 28 = 0. Calculate the highest common divisor of 10 and i.
5
Let d = -14821 - -14835. What is the greatest common factor of d and 119?
7
Let a = -12629 + 12631. Calculate the highest common divisor of 398 and a.
2
Let f be 707 - ((-4)/(-10) - (-576)/160). What is the highest common factor of 74 and f?
37
Suppose -4*q + 13*q + 1053 = 0. Let j = -79 - q. Calculate the greatest common divisor of 133 and j.
19
Let y = 38 + 20. Let w = 73 - y. Let u = 36 - 33. Calculate the greatest common factor of w and u.
3
Let r = 5 + -2. Suppose 2*s - r*y - 2*y - 15 = 0, 105 = 5*s + y. Let u = -81 - -86. Calculate the greatest common factor of u and s.
5
Let z(k) = -519*k + 1773. Let t be z(2). What is the highest common factor of 1125 and t?
15
Suppose 67*z - 4856 - 9967 = -116*z. What is the 